245 (base 6) in base 11?
-3899
What is 1ab (base 15) in base 14?
1d8
What is 101101321 (base 4) in base 16?
11479
Convert 14201 (base 5) to base 10.
1176
202020 (base 3) to base 8
1042
-10c2 (base 14) to base 10
-2914
What is -2234 (base 8) in base 6?
-5244
-1 (base 8) to base 11
-1
What is -54 (base 16) in base 2?
-1010100
What is 12c1 (base 14) in base 11?
2535
What is -813 (base 10) in base 4?
-30231
-2110120001 (base 3) to base 2
-1011110110001000
94 (base 16) to base 15
9d
Convert -9757 (base 11) to base 15.
-3c43
Convert 1042343 (base 5) to base 3.
221100012
Convert 275 (base 15) to base 14.
2c0
What is 4125 (base 6) in base 12?
645
Convert e0 (base 15) to base 12.
156
What is -1010010 (base 2) in base 11?
-75
10212200 (base 3) to base 12
1776
1010111 (base 3) to base 2
1100110111
What is -6448 (base 11) in base 10?
-8522
86 (base 10) to base 5
321
What is -11100 (base 2) in base 13?
-22
What is 10131 (base 10) in base 15?
3006
-8c4 (base 15) to base 10
-1984
1110 (base 11) to base 5
21323
-2b3 (base 14) to base 13
-333
What is 11000110010 (base 2) in base 16?
632
-288 (base 13) to base 16
-1c2
2100313 (base 4) to base 8
22067
Convert -2431 (base 5) to base 3.
-111120
Convert 102626 (base 7) to base 6.
214235
Convert -379 (base 13) to base 14.
-315
Convert 2342 (base 7) to base 5.
11423
Convert -12300232 (base 4) to base 9.
-41881
-42108 (base 11) to base 3
-10010011102
35221 (base 6) to base 3
20221011
Convert 1160 (base 7) to base 16.
1b2
Convert 1341314 (base 5) to base 4.
12300331
3301023 (base 4) to base 5
443220
What is -a8 (base 12) in base 15?
-88
Convert 1220100 (base 3) to base 8.
2552
6b9b (base 12) to base 7
50123
Convert -24012 (base 5) to base 4.
-123131
Convert 3312201 (base 4) to base 13.
7248
Convert 3010 (base 4) to base 12.
144
-139a0 (base 12) to base 4
-12223020
What is -9e (base 15) in base 2?
-10010101
Convert 3872 (base 9) to base 11.
21a7
-44532 (base 6) to base 7
-24134
112001222 (base 3) to base 16
2813
What is -431134 (base 5) in base 4?
-3203100
311013 (base 4) to base 2
110101000111
Convert -14233 (base 5) to base 16.
-4a9
What is -b34 (base 12) in base 15?
-734
What is -78d0 (base 14) in base 8?
-50736
Convert 132 (base 13) to base 14.
110
5d67 (base 14) to base 8
37747
Convert 611 (base 8) to base 10.
393
Convert 112411 (base 5) to base 14.
16d4
89 (base 10) to base 7
155
What is -45554 (base 6) in base 4?
-1211032
What is 12022220 (base 3) in base 10?
3885
What is -6a39 (base 13) in base 14?
-561a
What is 30314 (base 7) in base 2?
1110011000001
-10100101 (base 2) to base 5
-1130
What is -2749 (base 10) in base 5?
-41444
373b (base 12) to base 10
6239
What is -c47 (base 16) in base 8?
-6107
Convert 13415 (base 7) to base 10.
3638
What is -175 (base 14) in base 11?
-252
-22420 (base 6) to base 8
-6154
25002 (base 6) to base 13
1898
Convert 2249 (base 10) to base 16.
8c9
What is 90 (base 11) in base 12?
83
-14552 (base 14) to base 5
-3103234
Convert 6610 (base 9) to base 13.
22a7
Convert -12451 (base 10) to base 7.
-51205
-41a (base 14) to base 4
-30220
Convert -2503 (base 13) to base 16.
-147a
What is -20243 (base 6) in base 3?
-10200200
Convert -2572 (base 15) to base 9.
-11848
74 (base 10) to base 3
2202
Convert 2022302 (base 4) to base 11.
6745
1107 (base 13) to base 7
6630
-2202 (base 4) to base 10
-162
What is -1011334 (base 5) in base 10?
-16469
1972 (base 12) to base 7
12032
Convert 539 (base 15) to base 3.
1121200
Convert 168 (base 15) to base 4.
11003
Convert -100211000 (base 3) to base 5.
-212110
What is 30 (base 9) in base 7?
36
Convert -11110100111100 (base 2) to base 12.
-90a4
Convert 1305 (base 6) to base 3.
110012
What is -22201002 (base 3) in base 4?
-1203023
What is 1322130 (base 5) in base 15?
7ce5
8e (base 16) to base 9
167
What is 2053 (base 8) in base 9?
1415
8783 (base 9) to base 5
201344
6c80 (base 13) to base 14
581c
What is -531 (base 13) in base 8?
-1565
Convert -404 (base 10) to base 16.
-194
What is 111011100000001 (base 2) in base 11?
20986
-154 (base 9) to base 8
-202
Convert 12100 (base 3) to base 11.
121
What is 324000 (base 5) in base 7?
44302
What is 23102 (base 4) in base 8?
1322
What is -24616 (base 10) in base 12?
-122b4
What is 1006 (base 8) in base 9?
635
Convert -69b (base 14) to base 5.
-20223
What is 11100010110 (base 2) in base 9?
2435
Convert 211120 (base 6) to base 15.
510c
-10102210212 (base 3) to base 5
-4131113
What is 1001101100111 (base 2) in base 8?
11547
Convert 2bacc (base 13) to base 8.
242313
Convert 2352 (base 8) to base 9.
1647
Convert 2122101202 (base 3) to base 13.
1a8ca
Convert 454 (base 10) to base 4.
13012
What is 131313 (base 4) in base 8?
3567
Convert -11153 (base 6) to base 4.
-120231
100223 (base 5) to base 11
2439
-10191 (base 10) to base 5
-311231
What is -19c8 (base 13) in base 15?
-123c
Convert 2 (base 3) to base 13.
2
22100010 (base 3) to base 7
23502
What is 1403433 (base 5) in base 4?
12333022
35240 (base 9) to base 3
1012021100
Convert 12022210 (base 3) to base 9.
5283
What is -131124 (base 5) in base 4?
-1100230
What is 5db (base 15) in base 11?
1000
What is 280 (base 15) in base 11?
479
What is -12e08 (base 15) in base 3?
-10002000222
1343 (base 13) to base 9
3705
Convert 66044 (base 7) to base 13.
767c
What is 184b (base 16) in base 8?
14113
Convert 444 (base 5) to base 13.
97
What is 5697 (base 15) in base 7?
104356
Convert -27a (base 11) to base 2.
-101001001
What is 1f0 (base 16) in base 10?
496
What is 10111001111 (base 2) in base 7?
4223
What is 10322 (base 5) in base 8?
1310
Convert -33aaa (base 11) to base 16.
-c05e
What is 16201 (base 7) in base 14?
1938
51a9 (base 11) to base 5
210040
-22212 (base 4) to base 13
-402
What is -34c (base 13) in base 10?
-571
Convert 101010011111 (base 2) to base 3.
10201201
Convert 4399 (base 10) to base 5.
120044
Convert 400433 (base 6) to base 5.
2000034
What is -203 (base 10) in base 11?
-175
What is 11123321 (base 4) in base 14?
8185
4b9 (base 12) to base 3
222120
Convert -320 (base 8) to base 6.
-544
1ed5 (base 16) to base 11
5a26
-3821 (base 9) to base 13
-13b7
What is 23232 (base 4) in base 6?
3250
232430 (base 5) to base 13
3b31
Convert 3d25 (base 14) to base 8.
25075
What is -44976 (base 10) in base 3?
-2021200210
23645 (base 10) to base 4
11301131
4574 (base 8) to base 16
97c
What is 210 (base 13) in base 4?
11133
Convert 2221200 (base 3) to base 5.
32101
272 (base 14) to base 5
3432
bd18 (base 14) to base 4
13333302
Convert -13031302 (base 4) to base 16.
-7372
-70251 (base 8) to base 4
-13002221
-16067 (base 10) to base 3
-211001002
What is -62e7 (base 16) in base 4?
-12023213
What is -433012 (base 5) in base 8?
-34645
What is -1d14 (base 16) in base 5?
-214234
204665 (base 7) to base 14
cc35
Convert 141c (base 13) to base 14.
10b0
Convert 1001011010001001 (base 2) to base 7.
220232
Convert -281 (base 13) to base 14.
-239
Convert -153222 (base 6) to base 9.
-22505
Convert 3ca (base 14) to base 7.
2143
What is -290 (base 11) in base 5?
-2331
What is 111302 (base 4) in base 6?
10242
Convert 20100 (base 3) to base 11.
146
Convert 22210122 (base 3) to base 10.
6416
Convert -23301113 (base 4) to base 15.
-e445
Convert 3a3 (base 11) to base 2.
111011100
11708 (base 9) to base 3
101210022
What is 101100001101 (base 2) in base 8?
5415
Convert -1437 (base 9) to base 4.
-100333
18822 (base 9) to base 7
53036
64881 (base 10) to base 15
14356
What is b0ac (base 15) in base 8?
110647
Convert -4342303 (base 5) to base 9.
-123423
What is 14023 (base 8) in base 10?
6163
Convert -5400 (base 6) to base 9.
-1610
36444 (base 7) to base 4
2110101
What is 489 (base 10) in base 5?
3424
Convert 2660 (base 9) to base 13.
ba9
-112210211 (base 3) to base 10
-10795
Convert 10101111101 (base 2) to base 12.
991
What is -ac (base 13) in base 2?
-10001110
What is -52523 (base 6) in base 14?
-2839
24110 (base 6) to base 5
102443
Convert b85 (base 13) to base 12.
1180
What is -223042 (base 5) in base 13?
-3796
Convert -1d5a (base 14) to base 11.
-4044
3240 (base 10) to base 6
23000
Convert 100003 (base 4) to base 13.
610
28ca (base 13) to base 15
1b42
Convert 2512 (base 6) to base 4.
21230
Convert -1012 (base 4) to base 9.
-77
Convert -45626 (base 7) to base 15.
-36a8
Convert 5a (base 15) to base 4.
1111
2325 